alculate the greatest common factor of 972 and w.
4
Let z be (22*16/1408 + 14/(-24))*-32421. What is the greatest common factor of z and 303?
101
Suppose -5*k = 7*k - 188 + 32. Calculate the highest common factor of 15379 and k.
13
Let t(x) = 6 + 7 - 6*x - 3. Let w be t(-2). Let r be (-7 + 11 + -15)*-5. What is the highest common factor of r and w?
11
Let v be ((-13)/(-2))/((-1)/(-2)). Let d(y) = -103*y - 397. Let a be d(-6). What is the highest common factor of v and a?
13
Let i = -1014 + 1301. What is the highest common factor of i and 56?
7
Suppose -5*l = -850 + 250. Suppose 2*r = -2*k + 218, 460*r - 461*r + 2*k = -70. What is the highest common factor of r and l?
24
Let f = 13 + -18. Let t be (16/f - -2)*(-14 - 1). Let h(m) = 16*m - 24. Let s be h(6). Calculate the highest common factor of t and s.
18
Suppose -22*t - 93 = -19*t. Let f = t - -53. What is the greatest common factor of f and 8?
2
Let n = -24031 - -42198. Calculate the highest common divisor of n and 37.
37
Suppose 561 = 4*d + 93. Let p = 194 - d. Calculate the greatest common factor of p and 56.
7
Let c(k) = 16*k - 18. Let w(y) = y**3 + 3*y**2 - y. Let s be w(-3). Let f be c(s). Calculate the greatest common divisor of f and 6.
6
Let a = 247 + -138. Let k = a - 61. Suppose 4*x - k = -4*x. Calculate the greatest common divisor of x and 54.
6
Suppose 0 = -t - 145 + 469. Suppose m - 5*x = 5 + 51, 0 = 5*x + 20. Calculate the highest common divisor of t and m.
36
Let o = 37 - 46. Let a(k) = k**2 + 7*k - 6. Let u be a(o). Suppose u*g - 12 = 9*g. Calculate the greatest common divisor of 12 and g.
4
Let n(m) = 76*m - 235. Let z be n(6). Let a(d) = 13*d - 14. Let b be a(5). Calculate the highest common divisor of b and z.
17
Suppose 5*y + l - 1835 = 0, -747 = -2*y + 6*l - 9*l. Suppose -107 = z - y. What is the greatest common divisor of z and 7?
7
Let y(m) = -102*m - 1518. Let q be y(-15). Suppose -169 - 59 = -3*o. What is the greatest common divisor of o and q?
4
Let s be 8 - ((-4)/(-14))/(2/28). Let k be ((-45)/60 + (-1)/s)*-39. Calculate the greatest common factor of 39 and k.
39
Let f = -488 - -493. Suppose 10 = -f*w, w + 7 = -3*c + 23. Calculate the greatest common factor of c and 3.
3
Suppose -3*g + 2*r = -0*g - 100, g - 32 = r. Suppose 0 = -3*z + 5*z - 282. Let y = z + 3. Calculate the greatest common factor of g and y.
36
Suppose 494 = -2*c - 5*g + 1359, -3*g + 1709 = 4*c. Calculate the greatest common factor of c and 25.
25
Suppose 0 = g - 5 - 11. Suppose g = 3*n + 4*l - 33, 3*n - 43 = 2*l. What is the highest common factor of 3 and n?
3
Let y(r) = -47*r + 74. Let d be y(-8). Calculate the greatest common divisor of d and 585.
45
Suppose -5*j - 821 = -2*z + 299, -4*j - 919 = 3*z. Let d = 292 + j. Calculate the greatest common divisor of 44 and d.
22
Suppose 0 = 5*c - 7*c - 4*n - 4, c = -n - 1. Let x = -70 + 71. Suppose g + c = x. Calculate the highest common divisor of 1 and g.
1
Suppose 4*x - 5944 = k, -2*x + 1862 = -k - 1108. Suppose j = -4 + 7, 0 = 4*c - 3*j - x. What is the highest common divisor of c and 17?
17
Let z = 442 + -441. Let o = -8 - -5. Let c be -11 + 13 - z*o. Calculate the greatest common divisor of 30 and c.
5
Let r = 8078 + -7944. Calculate the highest common factor of 16 and r.
2
Let f = -7 + 61. Suppose 5*l = 5*r - 6*r + 13, -3*l + 33 = 2*r. Let a = f - r. Calculate the highest common factor of a and 36.
36
Let n = 6927 - 6126. Calculate the greatest common divisor of 1246 and n.
89
Let r be (-1)/((4/(-2))/(-6)) + 75. Suppose 2*j = 8*j + r. Let t = -1 - j. What is the highest common divisor of 1 and t?
1
Let f be 4/(8*(-1)/(-4)). Suppose 2*q - 3*p - 346 = -6*p, 2*q - 344 = -f*p. What is the highest common factor of q and 272?
34
Suppose 6332*o + 4293 = 6359*o. Let t be 3/(-6)*-2 - -2. What is the highest common divisor of t and o?
3
Let i be 3 - (-1028)/10 - (-68)/(-85). What is the highest common divisor of 5 and i?
5
Let r = 53 - 31. Suppose -r = -n - 2. Suppose 4*d + 16 = 0, -x - 196*d + 201*d = -24. What is the greatest common factor of n and x?
4
Suppose -1040 = 40*r - 50*r. Let m be (r - 20)/((-3)/(-4)). What is the greatest common factor of m and 80?
16
Let u(i) = i**2 - 7*i + 2. Let w be -2*(0 - 6/(-2)). Let s be u(w). What is the greatest common divisor of 10 and s?
10
Suppose -5*y + 5 = -5, -5*y - 66 = -4*f. Let q = -14 + f. Suppose -q = -j, 4*w - 181 = -j + 4*j. What is the highest common divisor of 7 and w?
7
Let q = 108 + 323. Suppose -433*b + q*b + 24 = 0. What is the highest common divisor of b and 588?
12
Let d(r) = -r**2 - 5*r + 15. Let m be d(2). Suppose 6 = 3*b, j - m - 4 = -b. Calculate the greatest common factor of j and 135.
3
Suppose 5*z + 2*g - 1762 = 0, 0 = -4*g + 8*g - 4. Suppose -23*q + 31*q = z. Calculate the highest common factor of 110 and q.
22
Suppose 2*t - h = 15 + 5, 4*t - 38 = h. Suppose 8*g = -g + t. Calculate the highest common factor of g and 1.
1
Let j(x) = 1580*x + 173 - 3137*x + 1575*x. Let w be j(40). What is the greatest common factor of w and 19?
19
Let k be (12/(-2))/((-39)/1547). What is the greatest common divisor of 15946 and k?
238
Let a = 40 - 31. Let w be (-6)/(-16)*78/a*4. What is the greatest common divisor of w and 416?
13
Let p = 931 - 848. Calculate the highest common factor of p and 664.
83
Suppose -2*f + 34 + 50 = 0. Let o(l) = 3*l**2 - 29*l + 21. Let j be o(9). Let d be 56/j - 2/(-6) - -2. What is the greatest common factor of d and f?
21
Suppose -254 + 266 = 3*z. Suppose 6*p = 2*p + t + 37, -z*t = 4*p - 12. Let b = -4 + 16. Calculate the highest common divisor of b and p.
4
Suppose -5*q + 52 = -5*n + 6*n, 0 = 4*n - 8. Let u be (-29 - -26) + (0 - (-4)/1). Let a be -13 - -16 - (u - 128). What is the greatest common factor of a and q?
10
Let j(l) = 169*l**2 + 2*l + 1. Let p be j(-1). Suppose 0 = -74*m + 61*m + 104. What is the greatest common factor of m and p?
8
Suppose -a = 3*f + 40 - 16, -44 = 2*a + 4*f. Let c = a + 33. What is the highest common factor of c and 120?
15
Let p(t) = -2529*t + 27830. Let j be p(11). Let s be (-11)/(-3)*11*3. What is the highest common factor of j and s?
11
Suppose 275*l + 2376 = 277*l. Suppose 43*x - 34*x = l. Let t = -4 - -16. Calculate the highest common divisor of t and x.
12
Let k be -2 + -1*(3 + -110). Let x(f) = 18*f - 1059. Let y be x(63). Calculate the highest common factor of y and k.
15
Let b be 44/18 - 540/1215. Suppose 0 = -5*v + 153 + 167. Calculate the greatest common divisor of b and v.
2
Let a(w) = 232*w**2 + 105*w + 104. Let v be a(-1). What is the highest common divisor of 182 and v?
7
Let g(i) = -i**3 + i**2 + i + 75. Let t be g(0). Let s be -10*(-24)/(-30)*38. Let v = 309 + s. Calculate the highest common factor of v and t.
5
Let d be 0 - (-8 + 3 - -1). Let i be d/22 + 2888/88. Suppose m - i = -4*q, -3*q = -m - 27 - 3. What is the greatest common factor of 81 and q?
9
Suppose -5*h = 3*z - 2613, -3*h - 2*z + 1587 = -5*z. Suppose 2*v - 1 = y, -109*y + 4*v = -114*y + 107. Calculate the greatest common divisor of y and h.
15
Let a = -6585 - -6589. What is the greatest common divisor of a and 548?
4
Let n be 410492/451 + 4/(-22). Calculate the highest common divisor of n and 126.
14
Let a = -1873 - -6194. What is the highest common factor of 87 and a?
29
Let r(z) = -1271*z**2 + z**3 - 22*z + 649*z**2 + 645*z**2. Let k be r(-23). Suppose 4*m - 230 = -m. Calculate the highest common divisor of m and k.
46
Suppose -1018*z = -3841*z + 15099 + 24423. Suppose -4*c + 10 = 2. Suppose p - n = 0, -14 = -4*p - c*n - n. What is the highest common factor of p and z?
2
Suppose -g + 2 = 3*s, 4*g - 8 = 2*s - s. Let p be ((-14)/6)/(g + (-555)/270). Calculate the highest common divisor of 48 and p.
6
Let b = -4270 + 5110. What is the greatest common divisor of 195 and b?
15
Let m(f) = -23*f + 161. Let s be m(7). Suppose 4*h + 4*d - 2280 = s, -h - 304 = 2*d - 870. What is the highest common factor of 164 and h?
82
Let t be ((-8)/(-2) + -2)*28. Suppose -2*v = -5*g + 159, -278*v = 4*g - 277*v - 148. Calculate the highest common divisor of t and g.
7
Suppose 156*j - 58*j - 410 = 178. What is the greatest common divisor of j and 4509?
3
Let j be (-3)/4*(-8)/(-1)*-1 - -1198. Calculate the greatest common factor of 28 and j.
28
Suppose -c + 88 + 80 = 0. Suppose 0 = -5*a